60)/(-1505) + (9/(-7))/3 is divided by t?
20
Suppose -66 = 4*g - 94. Suppose 38 = g*m - 25. What is the remainder when 76 is divided by m?
4
Let x = 4763 + -4692. Calculate the remainder when 850 is divided by x.
69
Let a = -139 + 154. Let b(s) = s**2 - 25*s + 51. Let f be -4 + (-12)/(-18) + (-82)/(-3). What is the remainder when b(f) is divided by a?
12
Suppose -5*w = 14*t - 12*t - 589, -4*w + t = -479. Suppose -m = 3*q - 3*m + 166, 170 = -3*q + 4*m. Let j = 74 + q. What is the remainder when w is divided by j?
19
Let r(m) = 11*m - 2*m**2 - 160*m**3 - 11 - 6*m**2 + 161*m**3 - 3. Calculate the remainder when 263 is divided by r(7).
11
Suppose 0 = 112*r - 31*r - 17961 + 2247. What is the remainder when r is divided by 67?
60
Let h(j) = -j**2 + 3*j + 10. Let q be h(3). Let y be (6 + 2)*5/(q/8). Let r = y - 19. What is the remainder when r is divided by 5?
3
Let w = 1672 + -234. Calculate the remainder when w is divided by 10.
8
Let v(b) = -b**2 - 41*b - 199. Calculate the remainder when 2077 is divided by v(-8).
62
Let d(m) = 64*m - 1283. Calculate the remainder when d(22) is divided by 113.
12
Calculate the remainder when 608 is divided by 1 - (-11)/(-6) - (-6 + (-147220)/408).
242
Suppose 2762 - 10892 = -176*u - 366*u. What is the remainder when -21*(1 + (-38)/6) is divided by u?
7
Suppose -29*t - 5376 + 23936 = 0. What is the remainder when ((-72)/(-180))/(2/t) is divided by 44?
40
Let n(s) = -656*s + 82. What is the remainder when 576 is divided by n(0)?
2
Calculate the remainder when 853 is divided by (-234)/65*1540/(-21).
61
Let s = -630 + 661. Let y = -121 + 173. Calculate the remainder when y is divided by s.
21
Let x(v) = v**3 - 5*v - 1. Suppose -32*g + 2327 + 1289 = 0. Suppose -2*p - g = -5*y - 3*p, -4*p = 8. What is the remainder when x(4) is divided by y?
20
Let q = 85 - 41. Let i(n) = 2*n**2 + 16*n + 29. Let p be i(-2). Suppose -p = -49*t + q*t. Calculate the remainder when 1 is divided by t.
0
Let p = 32 - 17. Suppose -3*w + 56 = -3*k - 118, 4*w = -5*k + 160. What is the remainder when w is divided by p?
5
Let s = -14 - 99. Let t = 135 + s. Suppose 17 = 3*v - 202. What is the remainder when v is divided by t?
7
Let m(h) = h**3 + 13*h**2 - 10*h - 223. What is the remainder when 204 is divided by m(-10)?
27
Let c = -19370 + 22018. What is the remainder when c is divided by 89?
67
Let b be 2/6 - 1568/(-48). Suppose -3*u + 303 = -b. Suppose -9*g = -7*g - u. Calculate the remainder when g is divided by 19.
18
Let n(t) = -10*t + 93. Let u(m) = 3*m - 31. Let g(w) = 3*n(w) + 8*u(w). Calculate the remainder when g(-18) is divided by 35.
34
Suppose 2*p - 13 = 71. Let n = 220 + -80. Suppose 38*f + n = p*f. Calculate the remainder when 138 is divided by f.
33
Let w(c) = -c. Let n(f) = f - 21. Let d(o) = -n(o) - 3*w(o). Let x be d(-12). Let b(g) = -8*g + 3. Calculate the remainder when 104 is divided by b(x).
23
Suppose -6*d + 9*d = -8*d. Suppose 2*y + 84 - 237 = -5*o, d = -y + o + 87. What is the remainder when y is divided by 16?
4
Let b be 195/63 - (-4)/(-42). Suppose 2*y + 3*d - 366 = 0, 0 = b*y - 3*d - 0*d - 519. What is the remainder when y is divided by 14?
9
Let h(z) = -z**2 - z + 6. Let k be h(-3). Suppose -26*m + 21*m + 75 = k. Let g(j) = 2*j - 10. What is the remainder when g(m) is divided by 7?
6
Let k(t) = t**3 + 27*t**2 - 114*t + 49. Let j be k(-31). What is the remainder when (-4)/18 - 13630/j is divided by 30?
22
Let u(g) = 2*g**2 + 8*g - 41 + 0*g - 20*g + 4*g. What is the remainder when u(-6) is divided by 21?
16
Let m = -2141 + 2553. Calculate the remainder when m is divided by 12.
4
Suppose 11*n + 13*n = -9*n + 16764. What is the remainder when n is divided by 55?
13
Let l = 45 + -42. Let y(x) = 24*x**2 + 9. Let c be y(l). Let r = -108 + c. Calculate the remainder when r is divided by 10.
7
Let z(j) = 2*j**3 - 62*j**2 + 15*j + 34. Calculate the remainder when z(32) is divided by 10.
2
Let g be ((-1)/2)/((-10)/100). Suppose -g*v + 55 = 2*i, 0 = 4*v - v - 15. Calculate the remainder when 29 is divided by i.
14
Suppose -3*s + 27 = -0*s - 5*k, -32 = -5*s + 4*k. Suppose -s = -4*m + 4. What is the remainder when (-7 + m)/10*-120 is divided by 16?
12
Suppose 0 = 27*f + 4678 - 412. Let j = f - -166. What is the remainder when 151 is divided by j?
7
Let x(f) = f**3 + 2*f**2 - 7*f - 3. Let d be x(-4). Let p = d - -116. What is the remainder when p is divided by (11 - 0)*(-2 - -3)?
10
Let x(t) = -5*t - 11. Let h = -33 + 24. Let o(p) = -13*p**3 - 2*p**2 - 3*p - 2. Calculate the remainder when o(-2) is divided by x(h).
32
Suppose 8*f - 1683 = 7789. Calculate the remainder when f is divided by 117.
14
Calculate the remainder when (-3330)/405*126/(-4) is divided by 29.
27
Suppose 0 = 5*z - 10, -5*m + 44*z + 27 = 40*z. Calculate the remainder when 360/14 + (-18)/(-63) is divided by m.
5
Suppose -93 = -9*s + 7*s - 3*r, -5*s + 2*r + 242 = 0. Calculate the remainder when 161 is divided by s.
17
Let p(c) = 68*c - 20. Let r(h) = 2*h + 1. Let t(k) = -p(k) + 5*r(k). Calculate the remainder when t(-3) is divided by 51.
46
Let b = -699 + 704. Suppose 3*m = -b*k + 637, 4*m - 904 = -5*k - 53. Calculate the remainder when m is divided by 18.
16
Suppose -b = -3*b + 14. Let s = 937 + -898. What is the remainder when s is divided by b?
4
Let r(q) = -q**3 + 6*q**2 - 5*q - 6. Let d be r(5). Let x(h) = 6*h + 25. Let k be x(d). Let y = 25 + k. What is the remainder when y is divided by 8?
6
What is the remainder when 346 - (-1*9/6*-2 - 3) is divided by 239?
107
Suppose -119 = -28*q + 273. Calculate the remainder when 107 is divided by q.
9
Suppose 4*p + 695 = i - 0*i, 2*i + p = 1399. Let x = i - 661. Calculate the remainder when 115 is divided by x.
1
Let f = -18 - -3. Let o = f - -63. Suppose -6*w - 6 = -o. What is the remainder when w is divided by 2?
1
Let r(c) = 2*c**3 + 18*c**2 - 7*c - 1. Let s be r(-15). Let l = -1078 - s. Suppose 7*z - l = -4*z. Calculate the remainder when z is divided by 47.
44
Suppose -5*d - 290 = -u, 0 = 4*u - 3*u + d - 284. What is the remainder when 14532 is divided by u?
282
Suppose -12*t + 2237 = -14522 - 53. What is the remainder when t is divided by 234?
231
Let c(i) = -i**3 - 4*i**2 + 6*i - 46. What is the remainder when c(-15) is divided by 60?
59
Let m be 51/9 - ((-30)/(-9))/5. Suppose -a + 0*z + 11 = -2*z, 3*a - m = -z. What is the remainder when a + -1 + 52 + (2 - 0) is divided by 30?
26
Suppose -6*b + b + b + 20 = 0. Calculate the remainder when 42 is divided by b.
2
Suppose -11*y + 42 = -9*y. Let r = 42 + -11. Calculate the remainder when r is divided by ((-36)/y)/((-6)/42).
7
What is the remainder when 13649 is divided by (-434)/(-124) - 406/(-4)?
104
Suppose 2*u - 10 + 139 = 3*d, 3*u = 3*d - 135. Calculate the remainder when 2259 is divided by d.
36
Let h(r) = -r + 23. Suppose 52 - 30 = -v. Let u = 29 - 19. What is the remainder when h(v) is divided by u?
5
Let d(o) = -118*o - 1. Suppose r - 3*l = 3*r - 132, 4*r = 2*l + 296. Suppose -2*g + r = 24. What is the remainder when d(-1) is divided by g?
21
Let q = -6686 - -6727. Calculate the remainder when 110 is divided by q.
28
Suppose 2*z = 3*z - 25. Let p be (-24)/4 + 144/8. Suppose p*r = 1881 + 183. What is the remainder when r is divided by z?
22
Suppose -4597 = -23*q - 1124. Suppose 5*v - q - 864 = 0. Suppose 0 = 5*d - 150 - 20. What is the remainder when v is divided by d?
33
Let y = -70 - -74. Suppose 0 = -y*m + 45 - 37. Calculate the remainder when ((-9)/m)/(172/(-80) - -2) is divided by 21.
9
Let a(f) = 0 + 5 - 8 + 2*f**3 - 1 - 5*f**2 + f. Calculate the remainder when a(4) is divided by 26.
22
Let s(n) = 2*n**3 - 15*n**2 - 43. Suppose 0 = -10*a + 81 - 1. Calculate the remainder when s(a) is divided by 13.
8
Let b = -64 + 62. Let r(s) = -106*s - 11. Let f be r(b). Suppose 4*x = -6*j + 3*j + f, 2*x + 2*j = 98. What is the remainder when x is divided by 11?
10
Suppose 2*x + 0*x = 4. Suppose -38 = -x*m - 5*b, -4*b - 3 = -4*m + 17. Suppose -17 = -3*d + 61. Calculate the remainder when d is divided by m.
8
Suppose 45*s - 49*s + 4*p + 1640 = 0, 5*s - p = 2078. What is the remainder when s is divided by 241?
176
Let s = 7784 + -7705. What is the remainder when 2971 is divided by s?
48
Let i(a) = 3*a**2 - 2*a + 77. Let l be (-60 - -72)/((-3)/2). Calculate the remaind